 j(b) = 3*b**3 - 12*b**2 - 4*b + 36. Let t be j(4). Let v be (2 + t/(-8))*y. Let x(d) = d**2 - 7*d + 6. Determine x(v).
-6
Let g(q) = 8*q - 17*q + 0*q**2 - 3 + 11*q**2. Let z(w) = -5*w**2 + 4*w + 1. Let c(l) = 2*g(l) + 5*z(l). Determine c(2).
-9
Let q(b) = -b + 1. Let c be q(1). Let n(m) = m**2 + m - 1. Let t be n(c). Let x(y) = 0*y - 3*y - y. Give x(t).
4
Let x = -6 + -1. Let v(n) be the third derivative of 0*n**3 + 7/60*n**5 + 1/120*n**6 - 6*n**2 + 0 + 0*n + 0*n**4. Determine v(x).
0
Let b(y) be the second derivative of 7*y**3/6 + y**2 + 21*y. Let a(z) = -6*z - 1. Let o(p) = 6*a(p) + 5*b(p). Determine o(6).
-2
Let x be ((-1)/2)/((-2)/24). Let p(y) = 2*y**2 + y - 1. Let t(n) = n**3 + 7*n**2 - 13. Let v(g) = 6*p(g) - t(g). Calculate v(x).
7
Let n(c) = c + 7. Let a(k) = 2*k**2 - 31*k - 93. Let s be a(18). What is n(s)?
4
Let l = -1 + -4. Let r = 10 + l. Let m(p) = 4*p + 8*p - r*p - 5*p. Calculate m(1).
2
Suppose 30 = 5*n - 0. Let k(a) = a**2 - 5*a. Let m be (-3 + 0 + -11)/2. Let b(h) = h**2 - 5*h. Let o(j) = m*b(j) + 6*k(j). Give o(n).
-6
Suppose -2*l = -3*z + l + 6, -6 = 3*l. Let w(s) = 11*s**2 - 4 - 4*s**2 - 2*s**2 - 4*s**2. What is w(z)?
-4
Let z(u) = -2*u**2 + 9*u - 10. Suppose -4*l + l = -i - 25, 0 = -3*l - 5*i + 1. Calculate z(l).
-45
Let r(g) = g**3 + 8*g**2 + 8. Suppose -8*i = 20*i + 224. Determine r(i).
8
Let y = -35 + 39. Suppose -y*d - 30 = -50. Let w(o) be the second derivative of -o**3/3 - o**2/2 + o. Calculate w(d).
-11
Let f(b) = -4*b**2 + 0*b**3 - 4 - b**3 + 3*b**2. Let q be 0*66/(-44)*4/(-18). Give f(q).
-4
Let o(l) = -l + 2. Let g be o(0). Let w(z) be the first derivative of -3*z**2/2 + 3*z + 74. Determine w(g).
-3
Let o(d) = -d**3 - 6*d**2 - 3*d + 4. Let a be o(-5). Let n(f) be the third derivative of -4*f**2 + 0 - 5/24*f**4 - 1/60*f**5 - 2/3*f**3 + 0*f. Give n(a).
-10
Let t(i) = i**3 - 13*i**2 + 2*i - 24. Let c be t(13). Let u(f) = 4*f**2 - 4*f + 2. Give u(c).
10
Let a(q) be the first derivative of -q**4/4 - 2*q**3/3 + q**2 - 2*q + 2. Let o = -16 - -6. Let g = o + 7. Give a(g).
1
Let a(i) = -14*i**3 - 3*i - 4. Let x be a(-2). Let u = x - 116. Let v(j) = j**3 + 2*j**2 + 3*j + 1. Determine v(u).
-5
Suppose -6*c - 6 = -7*c. Let u(f) = 5*f - f - 5*f + c. Let w be ((-2)/(-2))/((-2)/10). Calculate u(w).
11
Let a(z) = z**3 - 5*z**2 + 7*z + 2. Let d(g) = 2*g**3 - 7*g**2 + 8*g + 3. Let m(v) = -3*a(v) + 2*d(v). Determine m(-4).
-28
Let z(u) = u**2 + u - 1. Let y(j) be the first derivative of -j + 7/3*j**3 + 0*j**2 - 2. Let r(l) = y(l) - 6*z(l). What is r(4)?
-3
Let v(k) = -8*k - 3*k**2 + 18*k**3 - 14*k**3 - 3*k**3 + 12. Give v(4).
-4
Let o(n) = -9*n**3 - 11*n**2 - 18*n - 29. Let p(k) = -5*k**3 - 5*k**2 - 9*k - 15. Let i = 13 - 6. Let g(w) = i*p(w) - 4*o(w). Determine g(-8).
3
Let r(t) be the second derivative of -t**4/12 + t**3/2 + 2*t**2 + 130*t. What is r(4)?
0
Let j be (264/(-40) - -7) + (-54)/10. Let w(p) = -p - 5. What is w(j)?
0
Let r be 4/(-18) + 102/(-27). Let c be 23 - 0/(r + 3). Suppose 0*o = 5*m - o + c, 2*o + 14 = -5*m. Let j(z) = 2*z + 6. Calculate j(m).
-2
Let v(q) be the first derivative of q**2/2 - 10*q + 1. Let t = -21283 - -21293. Determine v(t).
0
Let i be (-2 - -2)/(8/(-4)). Suppose 3*j = -3*g - 6 - 3, 2*g + 10 = i. Let t(c) = 5*c - 4. Let q(r) = -15*r + 11. Let d(n) = -4*q(n) - 11*t(n). Give d(j).
10
Let a(q) be the second derivative of q**3/3 - 13*q**2 - 309*q. Give a(12).
-2
Let t = -780 - -770. Let m(s) = 2*s - 9. Determine m(t).
-29
Let r(w) = -4*w - 2 - 3 + 1 + 2*w**2. Suppose 0 = -5*i + 582 - 562. Give r(i).
12
Let v(n) = -9*n + 6. Let w(c) = -4*c + 3. Let k(i) = -6*v(i) + 14*w(i). Give k(4).
-2
Let o(s) = 64*s - 1. Let t be o(1). Suppose 4*a + t = 5*y, 4*y - 45 = 2*y - 5*a. Let q(n) = -16*n + 27*n - y*n. Give q(1).
-4
Let l = 24 + -19. Let u(v) be the first derivative of 5/3*v**3 + 1/2*v**2 - 1/4*v**4 + 2 - v. Calculate u(l).
4
Let o(i) = -9*i - 16*i**2 + 3 + 14*i - 11*i**3 + 10*i**3 + 12*i. Let l be o(-17). Let p(j) = j**2 - 6*j + 3. Determine p(l).
-6
Let r(p) = -3 + 3 - p - 7 + 2. Give r(-6).
1
Let v(q) be the third derivative of -q**5/60 - q**4/24 - q**3/6 + 2*q**2. Suppose j = 4*j - 42. Suppose -6*h = h - j. Give v(h).
-7
Let c(a) = 3*a**2 - 5*a + 5. Let w be 3 + -2 - -2 - -8. Let z(i) = -8*i**2 + 14*i - 13. Let r(v) = w*c(v) + 4*z(v). Give r(-3).
9
Let b(w) = w - 12. Let h(x) be the first derivative of -x + 7. Let k(m) = -b(m) + 2*h(m). Suppose 2*q + 2*p - 7*p = 1, 25 = 5*q - 5*p. Determine k(q).
2
Let m(j) = 3*j + 5. Let u(a) = -a**2 + 20*a - 29. Let p be u(18). What is m(p)?
26
Let x(j) = -j + 12. Let y(f) = f**3 - 3*f**2 + f + 2. Let c be y(2). Calculate x(c).
12
Let m(x) = 12 - 2 - 8 + 9*x - x**2 - 10. Determine m(7).
6
Let n(q) be the third derivative of -q**8/20160 + q**7/840 + q**6/360 + 11*q**5/20 - 18*q**2. Let t(h) be the third derivative of n(h). What is t(6)?
2
Let n(w) = w**3 - 6*w**2 + w + 7. Let g = -281 - -287. Give n(g).
13
Let d(w) = -w - 20 + 16 + 4 + 13. What is d(12)?
1
Let l(s) = -s**3 + 5*s**2 + 2*s. Let o = 179 + -174. Give l(o).
10
Let n(g) = 2 + 6*g**2 + 2 + 0 + g**3 + g**2 + 7*g. Let w = 107 + -111. Calculate n(w).
24
Suppose 4*y = i, -5*y - 17 + 2 = 0. Let w(g) = g**3 + 10*g**2 - 25*g - 8. Let s be w(i). Let r(c) = c - 1. Give r(s).
3
Suppose -36*n + 33*n = 0. Let x(c) = -5*c - 3. Let p(s) = 17*s + 8. Let g(j) = 2*p(j) + 7*x(j). Calculate g(n).
-5
Let o(i) = -3*i - 8. Let d be 2 - (1 - 1)/3. Let z be ((-35)/(-10))/((-1)/d). What is o(z)?
13
Let p be 3 - (-2 + -11 - 4). Suppose 0*g + 4*g + p = 5*r, 0 = -4*r + 2*g + 10. Let c(b) = b + b + r*b. Determine c(-3).
-6
Let p be 210/(-24) + 3/4. Let z = 10 + p. Suppose -q + 5 = z. Let b(c) = c**2 + 3. Determine b(q).
12
Let g(v) = v**2 + 11*v - 9. Let x be -2 + 500/(-55) - (-4)/44. Give g(x).
-9
Let f(q) = 34*q**2 + q**3 - 121*q**2 + 36*q**2 + 43*q**2 - 3*q + 3. Give f(8).
-21
Let v(t) = -4*t**2 - 34*t - 6. Let u(g) = -2*g**2 - 19*g - 3. Let r(c) = -7*u(c) + 4*v(c). Calculate r(-2).
-5
Let k(i) = 3*i**2 + 5*i. Let j(b) be the first derivative of 7*b**3/3 + 11*b**2/2 - b + 98. Let g = 2 - 4. Let r(l) = g*j(l) + 5*k(l). Determine r(-5).
12
Suppose -i = -2*i + 4. Let k be 15/i - (-4)/16. Suppose 10 = -k*l + 26. Let d(c) = 3*c - 6. Give d(l).
6
Let l(d) be the second derivative of -19*d**5/20 + d**4/12 + d**3/6 - 439*d. Give l(-1).
19
Let t(w) be the second derivative of w**4/12 - w**3/6 - 5*w. Let j(y) = -2*y**2 - 3*y + 6. Let q(c) = j(c) + t(c). What is q(-6)?
-6
Let d(f) = -f**2 + 6*f + 1. Let m be d(1). Suppose m*r = -6 - 24. Let i(v) = -4*v - 3. What is i(r)?
17
Let m(d) = 5*d**3 - 150 + 0*d + d + 2*d - 6*d**3 + 154 - 4*d**2. What is m(-2)?
-10
Let r be (16/6)/(6/18). Suppose -4*l - r = 20. Let n(y) = -y**3 - 6*y**2 + 8*y + 8. What is n(l)?
1
Let o(j) = -j + 6. Let u(d) = -2*d**2 - 9*d + 10. Let f be u(-5). Calculate o(f).
1
Let b(d) = 2*d - 10. Let o = -1726 + 1714. Determine b(o).
-34
Let o(b) = b + 7 + 0*b**2 + b**3 - 7*b**2 + 0*b**2. Calculate o(7).
14
Let j(b) be the second derivative of b**5/20 + b**4/12 - b**3 - 3*b**2 - 4*b + 31. Give j(-3).
-6
Let a(z) = 8*z**2 + 0*z**2 - 14*z**2 + 8 + 56*z - 64*z + 7*z**2. Give a(9).
17
Let x(m) = -41*m + 5 + 96*m**2 - 50*m**2 - 39*m**2 + 39*m. Let g(b) = -10*b**2 + 3*b - 7. Suppose 0 = 4*w + 11 + 9. Let u(p) = w*g(p) - 7*x(p). What is u(2)?
2
Let j(r) = 39*r**2 - 7*r - 7. Let y(p) = 110*p**2 - 20*p - 20. Let x(z) = 17*j(z) - 6*y(z). Calculate x(-2).
11
Let m(h) = 16*h + 0*h**3 + 5*h**2 - 7 - h**3 - 15*h. Let r = 1441 - 1436. Give m(r).
-2
Let a(c) be the second derivative of 1/2*c**2 + 2*c - 5 - 1/6*c**3. Determine a(6).
-5
Let o(h) = 7*h**2 + 2*h**3 - 36*h**3 - 4 + 35*h**3 - 2*h. What is o(-7)?
10
Let p(y) = y - 2. Let t be p(-4). Let i be (-6)/(-9) - 2/t. Let q(v) = 2*v + 89*v**2 - 1 - 89*v**2 + 8*v**3. Determine q(i).
9
Let p(r) be the third derivative of -r**4/8 - r**3/2 - 70*r**2 + 2. Calculate p(3).
-12
Let g(z) = -z**2 + z. Let p(v) = 7*v - 5 - 19*v**2 - 4 + 15*v**2 + 5*v. Let w be -2 + 6 + -3 + 0. Let q(s) = w*p(s) - 3*g(s). Determine q(7).
5
Let t(a) = a**2 + a. Let x be t(-2). Let c(d) = 2*d**x - 1 - 6 + 5. Determine c(-3).
16
Let f(b) = b**2 + b + 2. Let n(j) = -2*j**2 + j - 12. Let o(v) = 3*f(v) + n(v). Calculate o(-6).
6
Let u(s) be the third derivative of s**5/60 + s**